{"id":11236,"date":"2022-09-12T04:45:17","date_gmt":"2022-09-12T04:45:17","guid":{"rendered":"https:\/\/unionasesoresjuridicos.com.co\/?page_id=11236"},"modified":"2022-09-23T03:49:39","modified_gmt":"2022-09-23T03:49:39","slug":"derecho-ambiental","status":"publish","type":"page","link":"https:\/\/unionasesoresjuridicos.com.co\/index.php\/derecho-ambiental\/","title":{"rendered":"Derecho Ambiental"},"content":{"rendered":"<section class=\"wpb-content-wrapper\"><p>[vc_row][vc_column width=&#8221;1\/2&#8243;][vc_single_image image=&#8221;11290&#8243; img_size=&#8221;500&#215;500&#8243; alignment=&#8221;center&#8221; style=&#8221;vc_box_rounded&#8221;][\/vc_column][vc_column width=&#8221;1\/2&#8243;]<div class=\"tm-element-heading-wrapper tm-heading-inner tm-element-align-left tm-heading-with-separator \">[vc_cta h2=\"Derecho Ambiental\"  h2_google_fonts=\"font_family:Arimo%3Aregular%2Citalic%2C700%2C700italic|font_style:700%20bold%20regular%3A700%3Anormal\"  h4_google_fonts=\"font_family:Lato%3A100%2C100italic%2C300%2C300italic%2Cregular%2Citalic%2C700%2C700italic%2C900%2C900italic|font_style:300%20light%20regular%3A300%3Anormal\"  txt_align=\"left\"  heading_sep=\"yes\"  i_css_animation=\"\" css_animation=\"\"][\/vc_cta]<\/div> <!-- .tm-element-heading-wrapper container --> [vc_column_text]Brindamos diagn\u00f3stico y asesor\u00eda legal ambiental e integral en cumplimiento de las normas que rigen la materia, as\u00ed como la representaci\u00f3n t\u00e9cnico \u2013 legal en procesos sancionatorios ambientales a trav\u00e9s de nuestro equipo altamente calificado.[\/vc_column_text][vc_column_text]<\/p>\n<h5><strong>Servicios<\/strong><\/h5>\n<p>[\/vc_column_text]<ul class=\"tm-list tm-list-style-icon\"><li><i class=\"tm-skincolor fas fa-check-circle\"><\/i>Representaci\u00f3n Jur\u00eddica en Procesos sancionatorios Ambientales.<\/li><li><i class=\"tm-skincolor fas fa-check-circle\"><\/i>Estudios de Impacto Ambiental<\/li><li><i class=\"tm-skincolor fas fa-check-circle\"><\/i>Estructuraci\u00f3n e implementaci\u00f3n de Planes de Manejo Recuperaci\u00f3n y Restauraci\u00f3n\nAmbiental-PMRRA.<\/li><li><i class=\"tm-skincolor fas fa-check-circle\"><\/i>Silvicultura de plantaciones forestales y bosque natural.<\/li><li><i class=\"tm-skincolor fas fa-check-circle\"><\/i>Interventor\u00eda de proyectos ambientales.<\/li><li><i class=\"tm-skincolor fas fa-check-circle\"><\/i>Valoraci\u00f3n econ\u00f3mica ambiental.<\/li><\/ul>[vc_btn title=&#8221;HABLA CON TU ABOGADO&#8221; style=&#8221;classic&#8221; link=&#8221;url:https%3A%2F%2Funionasesoresjuridicos.com.co%2Findex.php%2Fcontactenos%2F|title:Cont%C3%A1ctenos&#8221;][\/vc_column][\/vc_row]<\/p>\n<\/section>","protected":false},"excerpt":{"rendered":"<p>[vc_row][vc_column width=&#8221;1\/2&#8243;][vc_single_image image=&#8221;11290&#8243; img_size=&#8221;500&#215;500&#8243; alignment=&#8221;center&#8221; style=&#8221;vc_box_rounded&#8221;][\/vc_column][vc_column width=&#8221;1\/2&#8243;][vc_column_text]Brindamos diagn\u00f3stico y asesor\u00eda legal ambiental e integral en cumplimiento de las normas que rigen la materia, as\u00ed como la representaci\u00f3n t\u00e9cnico \u2013 legal en procesos sancionatorios ambientales a trav\u00e9s de nuestro equipo altamente calificado.[\/vc_column_text][vc_column_text] Servicios [\/vc_column_text][vc_btn title=&#8221;HABLA CON TU ABOGADO&#8221; style=&#8221;classic&#8221; link=&#8221;url:https%3A%2F%2Funionasesoresjuridicos.com.co%2Findex.php%2Fcontactenos%2F|title:Cont%C3%A1ctenos&#8221;][\/vc_column][\/vc_row]<\/p>\n","protected":false},"author":2,"featured_media":0,"parent":0,"menu_order":0,"comment_status":"closed","ping_status":"closed","template":"","meta":{"_joinchat":[],"footnotes":""},"class_list":["post-11236","page","type-page","status-publish","hentry"],"_links":{"self":[{"href":"https:\/\/unionasesoresjuridicos.com.co\/index.php\/wp-json\/wp\/v2\/pages\/11236","targetHints":{"allow":["GET"]}}],"collection":[{"href":"https:\/\/unionasesoresjuridicos.com.co\/index.php\/wp-json\/wp\/v2\/pages"}],"about":[{"href":"https:\/\/unionasesoresjuridicos.com.co\/index.php\/wp-json\/wp\/v2\/types\/page"}],"author":[{"embeddable":true,"href":"https:\/\/unionasesoresjuridicos.com.co\/index.php\/wp-json\/wp\/v2\/users\/2"}],"replies":[{"embeddable":true,"href":"https:\/\/unionasesoresjuridicos.com.co\/index.php\/wp-json\/wp\/v2\/comments?post=11236"}],"version-history":[{"count":3,"href":"https:\/\/unionasesoresjuridicos.com.co\/index.php\/wp-json\/wp\/v2\/pages\/11236\/revisions"}],"predecessor-version":[{"id":11319,"href":"https:\/\/unionasesoresjuridicos.com.co\/index.php\/wp-json\/wp\/v2\/pages\/11236\/revisions\/11319"}],"wp:attachment":[{"href":"https:\/\/unionasesoresjuridicos.com.co\/index.php\/wp-json\/wp\/v2\/media?parent=11236"}],"curies":[{"name":"wp","href":"https:\/\/api.w.org\/{rel}","templated":true}]}}