{"id":11232,"date":"2022-09-12T04:44:56","date_gmt":"2022-09-12T04:44:56","guid":{"rendered":"https:\/\/unionasesoresjuridicos.com.co\/?page_id=11232"},"modified":"2022-09-23T03:47:37","modified_gmt":"2022-09-23T03:47:37","slug":"derecho-urbanistico","status":"publish","type":"page","link":"https:\/\/unionasesoresjuridicos.com.co\/index.php\/derecho-urbanistico\/","title":{"rendered":"Derecho Urban\u00edstico"},"content":{"rendered":"<section class=\"wpb-content-wrapper\"><p>[vc_row][vc_column width=&#8221;1\/2&#8243;][vc_single_image image=&#8221;11282&#8243; img_size=&#8221;500&#215;500&#8243; alignment=&#8221;center&#8221; style=&#8221;vc_box_rounded&#8221;][\/vc_column][vc_column width=&#8221;1\/2&#8243;]<div class=\"tm-element-heading-wrapper tm-heading-inner tm-element-align-left tm-heading-with-separator \">[vc_cta h2=\"Derecho Urban\u00edstico\"  h2_google_fonts=\"font_family:Arimo%3Aregular%2Citalic%2C700%2C700italic|font_style:700%20bold%20regular%3A700%3Anormal\"  h4_google_fonts=\"font_family:Lato%3A100%2C100italic%2C300%2C300italic%2Cregular%2Citalic%2C700%2C700italic%2C900%2C900italic|font_style:300%20light%20regular%3A300%3Anormal\"  txt_align=\"left\"  heading_sep=\"yes\"  i_css_animation=\"\" css_animation=\"\"][\/vc_cta]<\/div> <!-- .tm-element-heading-wrapper container --> [vc_column_text]En el \u00e1rea urban\u00edstica asesoramos a nuestros clientes en el uso y aprovechamiento del patrimonio m\u00e1s valioso,  \u201cel suelo\u201d; a trav\u00e9s del desarrollo urbano y su influencia sobre la propiedad privada y su relaci\u00f3n con el estado de acuerdo con los instrumentos de gesti\u00f3n del suelo ya bien sea de una zona urbana o  rural.[\/vc_column_text][vc_column_text]<\/p>\n<h5><strong>Servicios<\/strong><\/h5>\n<p>[\/vc_column_text]<ul class=\"tm-list tm-list-style-icon\"><li><i class=\"tm-skincolor fas fa-check-circle\"><\/i>Asesor\u00eda y acompa\u00f1amiento en tr\u00e1mites de licencias urban\u00edsticas.<\/li><li><i class=\"tm-skincolor fas fa-check-circle\"><\/i>Asesor\u00eda en planes de ordenamiento territorial, planes parciales, planes especiales de manejo y protecci\u00f3n.<\/li><li><i class=\"tm-skincolor fas fa-check-circle\"><\/i>Conceptos de usos del suelo y edificabilidad.<\/li><li><i class=\"tm-skincolor fas fa-check-circle\"><\/i>Estudios especializados de t\u00edtulos.<\/li><li><i class=\"tm-skincolor fas fa-check-circle\"><\/i>Asesor\u00eda y representaci\u00f3n legal en casos de infracciones urban\u00edsticas.<\/li><li><i class=\"tm-skincolor fas fa-check-circle\"><\/i>An\u00e1lisis de riesgo legal y urban\u00edstico para la compra de predios y\/o desarrollo de proyectos.<\/li><\/ul>[vc_btn title=&#8221;HABLA CON TU ABOGADO&#8221; style=&#8221;classic&#8221; link=&#8221;url:https%3A%2F%2Funionasesoresjuridicos.com.co%2Findex.php%2Fcontactenos%2F|title:Cont%C3%A1ctenos&#8221;][\/vc_column][\/vc_row]<\/p>\n<\/section>","protected":false},"excerpt":{"rendered":"<p>[vc_row][vc_column width=&#8221;1\/2&#8243;][vc_single_image image=&#8221;11282&#8243; img_size=&#8221;500&#215;500&#8243; alignment=&#8221;center&#8221; style=&#8221;vc_box_rounded&#8221;][\/vc_column][vc_column width=&#8221;1\/2&#8243;][vc_column_text]En el \u00e1rea urban\u00edstica asesoramos a nuestros clientes en el uso y aprovechamiento del patrimonio m\u00e1s valioso, \u201cel suelo\u201d; a trav\u00e9s del desarrollo urbano y su influencia sobre la propiedad privada y su relaci\u00f3n con el estado de acuerdo con los instrumentos de gesti\u00f3n del suelo ya bien sea [&hellip;]<\/p>\n","protected":false},"author":2,"featured_media":0,"parent":0,"menu_order":0,"comment_status":"closed","ping_status":"closed","template":"","meta":{"_joinchat":[],"footnotes":""},"class_list":["post-11232","page","type-page","status-publish","hentry"],"_links":{"self":[{"href":"https:\/\/unionasesoresjuridicos.com.co\/index.php\/wp-json\/wp\/v2\/pages\/11232","targetHints":{"allow":["GET"]}}],"collection":[{"href":"https:\/\/unionasesoresjuridicos.com.co\/index.php\/wp-json\/wp\/v2\/pages"}],"about":[{"href":"https:\/\/unionasesoresjuridicos.com.co\/index.php\/wp-json\/wp\/v2\/types\/page"}],"author":[{"embeddable":true,"href":"https:\/\/unionasesoresjuridicos.com.co\/index.php\/wp-json\/wp\/v2\/users\/2"}],"replies":[{"embeddable":true,"href":"https:\/\/unionasesoresjuridicos.com.co\/index.php\/wp-json\/wp\/v2\/comments?post=11232"}],"version-history":[{"count":4,"href":"https:\/\/unionasesoresjuridicos.com.co\/index.php\/wp-json\/wp\/v2\/pages\/11232\/revisions"}],"predecessor-version":[{"id":11317,"href":"https:\/\/unionasesoresjuridicos.com.co\/index.php\/wp-json\/wp\/v2\/pages\/11232\/revisions\/11317"}],"wp:attachment":[{"href":"https:\/\/unionasesoresjuridicos.com.co\/index.php\/wp-json\/wp\/v2\/media?parent=11232"}],"curies":[{"name":"wp","href":"https:\/\/api.w.org\/{rel}","templated":true}]}}